9 - -4044)
-34
Calculate 0 - (0 - -11) - (-37167 + 37091).
65
What is the value of 11 + -76 + 5 + (22 - 10)?
-48
Evaluate -9 + (-22 - ((-20 - 5) + 17)).
-23
What is 0 + (-1 + -9 - (27 + -46))?
9
What is 81 + -35 - 33 - (0 - -31)?
-18
Evaluate 73 + -23 + -65 - (17 + -124).
92
Calculate -3 - (16 + -14 + 1 + -6 + 21).
-21
What is -12 + (-43 - -45 - 10)?
-20
Calculate 9 - (-10 + (-71 + 61 + 0 + 1 - -19)).
9
(6 - (20 - 8 - 13)) + (-61 - -171)
117
73 + 0 + (2741 - 2736)
78
What is the value of (-993 - -1092) + 0 + -52?
47
Calculate -1 + -14 - (-4 + -48 + 24 + 9).
4
Evaluate 7 + -7 + 3 + -4 + -2955 + 3006.
50
What is the value of -55 + (-3 - -16) + (1 - -2) + -11?
-50
Evaluate -2 - -15 - (-512 + 490).
35
What is the value of 20 - 33 - ((1 - 2) + 88 + -14)?
-86
Calculate -3 + -48 + 5 - (17 + (18 - 40)).
-41
Calculate 0 - -26 - ((-171 + 162 - (-19 + 0)) + -18).
34
Calculate (52 - 147 - -14 - 20) + 1 + 9.
-91
What is -1 + (-2 - 1) + 647 + -646?
-3
What is the value of (0 - 33 - (-8 + 12)) + (170 - 156)?
-23
Evaluate -24 + 118 + -110 - (-57 + 0).
41
What is -4 + (0 - 16 - -20) - (7 - -5)?
-12
Evaluate (19 - 10) + (-12 - ((9 - -2) + -59)).
45
What is the value of -97 + 122 - (23 - (10 + 0))?
12
(3 - 1) + 2 - (8 - (-12 + 49) - 9)
42
Calculate (-3 + 1 - ((-45 - -15) + 24)) + 31 + 4.
39
10 - (-24 - (29 - 47)) - -34
50
What is the value of 101 + -4 + -60 + 11?
48
What is the value of -132 - -119 - ((1 - -4) + -15)?
-3
155 - (-6 - -10 - (-61 - -40))
130
Evaluate 97 - (39 + 25 - -108).
-75
What is 27 - (-1 - (-19 - -6)) - (4 + 3)?
8
What is the value of -3 + 25 + 11 + -62 + -19?
-48
What is the value of -1 + 5 + 53 + -114 - -13?
-44
48 - (36 + -13 + 88)
-63
-81 + (-46 - (32 - 97))
-62
Evaluate -16 + 5 + -9 + 64 - (-15 - -1).
58
Calculate -13 + 8 - (-7 - (-88 + -38 + 21)).
-103
What is 1 - (4 + -17) - 2 - (41 + -33) - 43?
-39
-16 - (-7 - -13 - 7 - (5 + 2))
-8
What is the value of (12 - (-9 - (25 + -68))) + 1?
-21
What is 21 - (6 - (-18 + 13 + -6)) - (25 - 0)?
-21
Calculate -3 + -12 + -11 + 51 - 58.
-33
Calculate 3 + -6 + 3 - (1 + -1 + -23).
23
(-21002 - -20976) + (0 - -1 - -161)
136
What is the value of 13 - ((52 - 112) + 73)?
0
What is the value of -174 - -56 - (-21 + -30)?
-67
What is (1 - -10) + 9 + 19 + -44 - -43?
38
Evaluate -23 - (-28 - -26) - (0 + 0 + 4).
-25
Evaluate -1 + (-15 - -16 - (62 - 1)) + 6 + 2.
-53
Evaluate 13 - (2 - -1 - (-20 - -1)) - (1 + 84).
-94
Calculate 11 + (56 - (-40 + 5 + -78 + 94)).
86
Evaluate (6 - -36 - 44) + -3 + (-35 - 3) + 1.
-42
What is (19 - 8) + 2 + 0 + (0 - 0)?
13
(1 - (1 + -1)) + (2 - -3) + (1200 - 1146)
60
Evaluate -29 - (-13 + 18 - 11) - 6.
-29
What is 12 - -3 - (-145 - -149) - (154 + -5 + 3)?
-141
Calculate -36 - (-34 + -14 + 13).
-1
Evaluate -18 + 26 + 9 + 43 + -32.
28
-130 + (527 - 314) + (2 - 14 - (1 - 0))
70
-1414 - -1441 - (15 + -99)
111
What is the value of -44 + (-28 - (-7 + -23)) + 71?
29
7 + (-45 - -16) + -18 - (1 + 1)
-42
Calculate -5 - -27 - (-158 - -271) - ((-3 - -5) + -3).
-90
What is -25 + 61 + -7 + 15?
44
(-60 - -62 - (0 + -3 + -2)) + 7 + 13
27
What is the value of -22 - (7 - -8 - (-10 - -17))?
-30
Calculate -118 + (-16 - -26) - ((-23 - -7) + 5 - -2).
-99
-34 - 37 - -74 - 49
-46
Calculate 5 + 1 + (4 + 10 + 77 - 22 - 16).
59
Evaluate (39 - (91 + -38)) + (1 - -25) - (-10 + 3).
19
Evaluate 52 + -7 + -28 + 19.
36
What is -11 + 93 + (4 - (-27 + (39 - 20)))?
94
-27 - (42 + 7 + -13)
-63
What is the value of 15 + 35 + -102 - -93?
41
What is the value of 43 + -248 + (262 - 117)?
-60
Evaluate (10 + -6 + 0 - 15) + (-6 - -3) + 3.
-11
What is the value of (2 + 10 + -14 - 11) + 0 + 76?
63
What is 92 - (4 + 1 + -39 + (4 - -28)) - 8?
86
Calculate (9 - (-17 + -3)) + -5 + (2 - 1).
25
Calculate (0 - -96) + ((0 - 0) + -98 + 76 - -16).
90
Evaluate (22 - -2) + -9 + (9 - (-11 - (-19 + 11))).
27
What is the value of (-11 - (65 + 2 + -4)) + -8 + 4 + 7?
-71
Calculate 212 + -146 + 12 + -6 + -11.
61
What is -63 + -35 + 97 + -51?
-52
262 - 243 - (85 + -13)
-53
What is (7 - 61) + (-120 - -229)?
55
What is 70 + -25 + -26 + (14 - -1)?
34
What is the value of -46 - (10 - (-7 + 7 + 24))?
-32
What is (586 - 233 - 349) + (1 + 0 + 27 - 1)?
31
Evaluate (46 - 10) + -89 - -41 - (-29 - 1).
18
Evaluate 38 - 66 - -18 - ((0 - 0) + -32).
22
What is the value of -515 + 364 - (3 - 55)?
-99
Evaluate -45 - (3 + -1 - (-46 - -23)).
-70
What is (-99 - -47 - -37) + 30?
15
(15 - 8) + -12 - -6 - (-42 - -78)
-35
What is 163 - ((-83 - -168) + 26)?
52
Calculate 303 + -283 + (2 + 1 - 34).
-11
Evaluate -54 - (61 + -161) - (7 + (2 - 1)).
38
What is the value of 26 + 2 + ((-21 - (-5 - 4)) + -11 - -13)?
18
Calculate (-765 - -789) + -23 + 3 + 4.
8
What is the value of (-27 + -54 - -31) + 53?
3
What is the value of -591 + 605 - (-3 - -29 - 3)?
-9
Evaluate 1 - -2 - (41 + -10 - 31) - -5.
8
What is the value of (5 + (-1 - -4) - (68 - 6)) + 2?
-52
What is -84 - (24 + (-12 + 30 - (27 - -9)))?
-90
What is 11 + -4 + 3 - 5 - (-50 - -50) - 60?
-55
Evaluate 29 - (-21 + -2 - -82) - 23.
-53
41 + -29 + 10 + (-67 - -5)
-40
Evaluate 7 - 9 - (4 + 0 + -11) - 36.
-31
Evaluate (-52 - -64) + (17 - -5).
34
Evaluate 13 + -29 - -11 - (1 - 8) - (-49 - 20).
71
(20 - 72 - -163) + 0 + (-3 - 5)
103
(5 - (-9 - -5)) + 2 + (-1 - -7)
17
Evaluate 14 + -1 + 10 + -8 + -9 - -13.
19
Evaluate 87 + -2 - (18 - -20 - 16 - 8).
71
What is -20 - ((3 - 0) + -21 + (7 - -25))?
-34
What is -61 + 43 + -10 + -11?
-39
Evaluate -89 + 114 + (0 - 92) + 6.
-61
Calculate (4 - (0 + -3 + 0 + -1)) + 36 + -27.
17
(-1 - (3 + -17) - 3) + (-40 + 7 - 3)
-26
Calculate 2 - (8 + 3 + -40 + 5 + -13).
39
Evaluate (65 - 83) + (-23 + -12 - 6) + -9.
-68
What is the value of 22 - (-1 - -9 - (-1 - -9)) - -9?
31
What is (-69 + 118 - 81) + 46?
14
Evaluate 56 + -38 - ((9 - 2 - 20) + 29).
2
3 - -1 - -11 - (-72 - -99)
-12
(0 + 8 - 12) + 8 + (83 - 8)
79
Evaluate -1990 + 1947 + -7 + (-2 - -3).
-49
Calculate 36 + (2 - (55 - 5)).
-12
(-18 - 5) + -15 + 77
39
What is -15 - (2 - 8) - 23 - -15?
-17
Calculate -78 + (8 - (2 + 10) - (-57 + 50)).
-75
Evaluate (3 - -120) + -3 - (3176 + -3159).
103
21 + -1 - (-1534 - -1578)
-24
Evaluate 34 - (103 + -118 + -6).
55
Evaluate 20 + -7 - (22 - (0 + -7 - -1)).
-15
What is the value of -27 - -21 - (2 + -4) - 26?
-30
Calculate 104 + 89 + -87 - 46.
60
(228 - -9 - 127) + -172
-62
(6 + 2 - (-116 - -139)) + -2
-17
What is the value of -46 + 41 - (13 + (-9 - 8) - (-56 + 1))?
-56
What is -27 + (31 - 31) - (-73 - -104)?
-58
Evaluate 41 - (2 - -12) - (5 + 10 + -1).
13
What is -16 - (-7 + 65 - 45)?
-29
Calculate (16 - -2) + -7 - 3 - 13 - (-16 - -15).
-4
22 + -307 + 231 + -2 + -2
-58
Evaluate (20 - ((-2 - -180) + (-370 - -358))) + (3 - 0).
-143
What is 344 - 234 - (-18 + 56)?
72
-22 + -5 + -5 + -16 + 23
-25
What is 2 + 71 + (8 - (-8 - ((-12 - -1) + -13)))?
65
Calculate 13 - 13 - 9 - -17 - 33.
-25
What is the value of 71 - (18 + (-9 - (-27 - -13)))?
48
What is 63 + 2 + (-147 - -59)?
-23
What is the value of -216 - -128 - (6 + -15)?
-79
What is the value of (10 - (-30 + 86)) + 31 + 2?
-13
Calculate -28 + (7 - 3) - (-96 + 64 + -35).
43
11 - ((-4 - -4) + -25 + 13) - (0 + -12)
35
Calculate -6 + (-20 - -41) + -20 + -20.
-25
Calculate -23 - (57 - 100) - (-1 + -79).
100
Calculate (-19 - (-4 - -16)) + 62.
31
What is 27 + (-2 - -1) + -19 + -650 + 662?
19
11005 + -10994 - (1 + 0 + -49)
59
What is (-8 - (-11 - -7)) + -848 + 847?
-5
Evaluate 3 - 56 - (29 + (-123 - -68)).
-27
What is -2 + (0 - -5) - (1091 + -1154 + (1 - -177))?
-112
(6 - 92) + 21 + -5 + 3 + -16
-83
Evaluate 15 + -20 - (1 + 8) - -6 - (-46 + 4).
34
Evaluate -80 + 110 - (7 + (-54 - 5)).
82
What is -121 + -23 + 114 - (-2 - -32)?
-60
-29 - -1 - (-16 + (16 - ((2 - 15) + 18)))
-23
-3 + -34 - (0 - 14) - 0
-23
What is the value of -39 - (-33 + 36 + 49) - -12?
-79
What is -152 - (-114 + (-61 - -50))?
-27
What is (2 - 33) + -54 + 132 + -59 + -37?
-49
(86 - (1 - 3)) + 33 + -65 + 26
82
(5 - 147) + 35 + (-1 - 34) + 10
-132
What is the value of 102 + 3 + -204 + (-2 - (-3 + -1 - -2))?
-99
Evaluate -164 - ((-162 - -90) + -39).
-53
Calculate 614 - 681 - (4 + -1 + 0 + 30 + -34).
-66
What is 43 + (0 - (-38 - -49) - (-7 + 1))?
38
What is the value of -43 + -98 + -4 + 65?
-80
Calculate -9 + 3 + (-12 - (-6 - 16 - -12) - 1).
-9
Evaluate -65 + 52 + -6 + -4 + -36.
-59
Calculate -4 - -13 - (0 + 21 + -